{"id":38,"date":"2024-03-11T13:38:25","date_gmt":"2024-03-11T13:38:25","guid":{"rendered":"https:\/\/www.moschti.ch\/?page_id=38"},"modified":"2025-08-09T16:21:01","modified_gmt":"2025-08-09T16:21:01","slug":"anlieferung","status":"publish","type":"page","link":"https:\/\/www.moschti.ch\/index.php\/anlieferung\/","title":{"rendered":"Anlieferung"},"content":{"rendered":"\n<p>Sobald die ersten Apfelsorten genussreif sind, beginnen wir mit&nbsp;mosten. Der Zeitpunkt&nbsp;ist jedes Jahr etwas verschieden. Reif ist eine Apfelsorte dann, wenn Sie zum Essen ein Genuss ist. Vorher herunterfallende&nbsp;\u00c4pfel sind unreif und geben keinen guten S\u00fcssmost.&nbsp;Bevor Sie die erste Harasse mit \u00c4pfeln ablesen, nehmen Sie mit uns <a href=\"https:\/\/www.moschti.ch\/index.php\/kontakt\/\">Kontakt<\/a> auf und machen einen Annahme-Termin ab. So lagern die \u00c4pfel m\u00f6glichst kurz bei uns bis zur Verarbeitung.<\/p>\n\n\n\n<p>Hier finden Sie das Anmeldeformular zum Herunterladen im PDF Format. &#8211;&gt; <a href=\"https:\/\/www.moschti.ch\/wp-content\/uploads\/2024\/08\/Verarbeitungsauftrag-web-18.pdf\" target=\"_blank\" rel=\"noreferrer noopener\">Anmeldeformular<\/a><br>Sie k\u00f6nnen das Formular aber auch bei uns ausf\u00fcllen. So k\u00f6nnen noch Fragen ber\u00fccksichtigt werden. Es liegen immer Anmeldeblocks bereit. <\/p>\n\n\n\n<p>In der Hauptsaison ab Mitte September bis Ende Oktober ist eine Voranmeldung mit Angabe der Menge unerl\u00e4sslich.<br>Unsere Presstage sind der Dienstag und Donnerstag. <br><strong><mark style=\"background-color:rgba(0, 0, 0, 0)\" class=\"has-inline-color has-contrast-2-color\">Anlieferung: Mo. 16.00 bis 19.00 Uhr oder Di Morgen 8.00 bis 10.30 Uhr.<br>                     Mi.  16.00 bis 19.00 Uhr oder Do. Morgen 8.00 bis 10.30 Uhr<br>Abholung:    Mi.  16.00 bis 19.00 Uhr          <\/mark><\/strong><br>                      <strong><mark style=\"background-color:rgba(0, 0, 0, 0)\" class=\"has-inline-color has-contrast-2-color\">Fr.   16.00 bis 19.00 Uhr<br><\/mark><\/strong><br><mark style=\"background-color:rgba(0, 0, 0, 0)\" class=\"has-inline-color has-contrast-color\">Trauben k\u00f6nnen Sie f\u00fcr den Presstag Donnerstag anliefern.<\/mark><\/p>\n\n\n\n<p><br>Die Holzharasse ist ein bew\u00e4hrtes Beh\u00e4ltnis f\u00fcr ihre Most\u00e4pfel. Zur Not gehen auch Plastikk\u00f6rbe. Weniger geeignet sind Jutes\u00e4cke, welche beim Entladen gerne aufgehen und Sie die \u00c4pfel nochmals auflesen m\u00fcssen.<br><\/p>\n\n\n\n<figure class=\"wp-block-gallery has-nested-images columns-default is-cropped wp-block-gallery-1 is-layout-flex wp-block-gallery-is-layout-flex\">\n<figure class=\"wp-block-image size-large\"><img loading=\"lazy\" decoding=\"async\" width=\"1024\" height=\"683\" data-id=\"378\" src=\"https:\/\/www.moschti.ch\/wp-content\/uploads\/2024\/04\/Anlieferung-kleiner-Mengen_-_-1024x683.jpg\" alt=\"\" class=\"wp-image-378\" srcset=\"https:\/\/www.moschti.ch\/wp-content\/uploads\/2024\/04\/Anlieferung-kleiner-Mengen_-_-1024x683.jpg 1024w, https:\/\/www.moschti.ch\/wp-content\/uploads\/2024\/04\/Anlieferung-kleiner-Mengen_-_-300x200.jpg 300w, https:\/\/www.moschti.ch\/wp-content\/uploads\/2024\/04\/Anlieferung-kleiner-Mengen_-_-768x512.jpg 768w, https:\/\/www.moschti.ch\/wp-content\/uploads\/2024\/04\/Anlieferung-kleiner-Mengen_-_-1536x1024.jpg 1536w, https:\/\/www.moschti.ch\/wp-content\/uploads\/2024\/04\/Anlieferung-kleiner-Mengen_-_.jpg 1620w\" sizes=\"auto, (max-width: 1024px) 100vw, 1024px\" \/><figcaption class=\"wp-element-caption\">Anlieferung mit Obstharassen <\/figcaption><\/figure>\n\n\n\n<figure class=\"wp-block-image size-large\"><img loading=\"lazy\" decoding=\"async\" width=\"1024\" height=\"1024\" data-id=\"377\" src=\"https:\/\/www.moschti.ch\/wp-content\/uploads\/2024\/04\/Viele-Harassen_-_-1024x1024.jpg\" alt=\"\" class=\"wp-image-377\" srcset=\"https:\/\/www.moschti.ch\/wp-content\/uploads\/2024\/04\/Viele-Harassen_-_-1024x1024.jpg 1024w, https:\/\/www.moschti.ch\/wp-content\/uploads\/2024\/04\/Viele-Harassen_-_-300x300.jpg 300w, https:\/\/www.moschti.ch\/wp-content\/uploads\/2024\/04\/Viele-Harassen_-_-150x150.jpg 150w, https:\/\/www.moschti.ch\/wp-content\/uploads\/2024\/04\/Viele-Harassen_-_-768x768.jpg 768w, https:\/\/www.moschti.ch\/wp-content\/uploads\/2024\/04\/Viele-Harassen_-_.jpg 1080w\" sizes=\"auto, (max-width: 1024px) 100vw, 1024px\" \/><figcaption class=\"wp-element-caption\">Bauer mit Traktor und mehreren Obstharassen.<\/figcaption><\/figure>\n\n\n\n<figure class=\"wp-block-image size-large\"><img loading=\"lazy\" decoding=\"async\" width=\"1024\" height=\"768\" data-id=\"379\" src=\"https:\/\/www.moschti.ch\/wp-content\/uploads\/2024\/04\/Direkt-in-Einwurfschacht_-_-1024x768.jpg\" alt=\"\" class=\"wp-image-379\" srcset=\"https:\/\/www.moschti.ch\/wp-content\/uploads\/2024\/04\/Direkt-in-Einwurfschacht_-_-1024x768.jpg 1024w, https:\/\/www.moschti.ch\/wp-content\/uploads\/2024\/04\/Direkt-in-Einwurfschacht_-_-300x225.jpg 300w, https:\/\/www.moschti.ch\/wp-content\/uploads\/2024\/04\/Direkt-in-Einwurfschacht_-_-768x576.jpg 768w, https:\/\/www.moschti.ch\/wp-content\/uploads\/2024\/04\/Direkt-in-Einwurfschacht_-_.jpg 1440w\" sizes=\"auto, (max-width: 1024px) 100vw, 1024px\" \/><figcaption class=\"wp-element-caption\">So viele Harassen werden in den Einwurfschacht geleert.<\/figcaption><\/figure>\n\n\n\n<figure class=\"wp-block-image size-large\"><img loading=\"lazy\" decoding=\"async\" width=\"1024\" height=\"1024\" data-id=\"382\" src=\"https:\/\/www.moschti.ch\/wp-content\/uploads\/2024\/04\/Halbpaloxen_-_-1024x1024.jpg\" alt=\"\" class=\"wp-image-382\" srcset=\"https:\/\/www.moschti.ch\/wp-content\/uploads\/2024\/04\/Halbpaloxen_-_-1024x1024.jpg 1024w, https:\/\/www.moschti.ch\/wp-content\/uploads\/2024\/04\/Halbpaloxen_-_-300x300.jpg 300w, https:\/\/www.moschti.ch\/wp-content\/uploads\/2024\/04\/Halbpaloxen_-_-150x150.jpg 150w, https:\/\/www.moschti.ch\/wp-content\/uploads\/2024\/04\/Halbpaloxen_-_-768x768.jpg 768w, https:\/\/www.moschti.ch\/wp-content\/uploads\/2024\/04\/Halbpaloxen_-_.jpg 1080w\" sizes=\"auto, (max-width: 1024px) 100vw, 1024px\" \/><figcaption class=\"wp-element-caption\">Halbpaloxen<\/figcaption><\/figure>\n\n\n\n<figure class=\"wp-block-image size-large\"><img loading=\"lazy\" decoding=\"async\" width=\"576\" height=\"1024\" data-id=\"381\" src=\"https:\/\/www.moschti.ch\/wp-content\/uploads\/2024\/04\/Obstpaloxen_-_-576x1024.jpg\" alt=\"\" class=\"wp-image-381\" srcset=\"https:\/\/www.moschti.ch\/wp-content\/uploads\/2024\/04\/Obstpaloxen_-_-576x1024.jpg 576w, https:\/\/www.moschti.ch\/wp-content\/uploads\/2024\/04\/Obstpaloxen_-_-169x300.jpg 169w, https:\/\/www.moschti.ch\/wp-content\/uploads\/2024\/04\/Obstpaloxen_-_-768x1365.jpg 768w, https:\/\/www.moschti.ch\/wp-content\/uploads\/2024\/04\/Obstpaloxen_-_-864x1536.jpg 864w, https:\/\/www.moschti.ch\/wp-content\/uploads\/2024\/04\/Obstpaloxen_-_.jpg 1080w\" sizes=\"auto, (max-width: 576px) 100vw, 576px\" \/><figcaption class=\"wp-element-caption\">Obstpaloxen<\/figcaption><\/figure>\n\n\n\n<figure class=\"wp-block-image size-large\"><img loading=\"lazy\" decoding=\"async\" width=\"778\" height=\"1024\" data-id=\"380\" src=\"https:\/\/www.moschti.ch\/wp-content\/uploads\/2024\/04\/Einwurfschacht_-_-778x1024.jpg\" alt=\"\" class=\"wp-image-380\" srcset=\"https:\/\/www.moschti.ch\/wp-content\/uploads\/2024\/04\/Einwurfschacht_-_-778x1024.jpg 778w, https:\/\/www.moschti.ch\/wp-content\/uploads\/2024\/04\/Einwurfschacht_-_-228x300.jpg 228w, https:\/\/www.moschti.ch\/wp-content\/uploads\/2024\/04\/Einwurfschacht_-_-768x1010.jpg 768w, https:\/\/www.moschti.ch\/wp-content\/uploads\/2024\/04\/Einwurfschacht_-_.jpg 1080w\" sizes=\"auto, (max-width: 778px) 100vw, 778px\" \/><figcaption class=\"wp-element-caption\">Der Einwurfschacht ist voll. Alles vom gleichen Kunden.<\/figcaption><\/figure>\n<\/figure>\n\n\n\n<p>Diese graue Halbpaloxe fasst ca. 2 1\/2 Harassen, die gr\u00fcne Obstpaloxe 10 Harassen und wenn Sie mehrere solcher Obatpaloxen anliefern leeren Sie diese direkt in den Einwurfschacht.<\/p>\n","protected":false},"excerpt":{"rendered":"<p>Sobald die ersten Apfelsorten genussreif sind, beginnen wir mit&nbsp;mosten. Der Zeitpunkt&nbsp;ist jedes Jahr etwas verschieden. Reif ist eine Apfelsorte dann, wenn Sie zum Essen ein Genuss ist. Vorher herunterfallende&nbsp;\u00c4pfel sind unreif und geben keinen guten S\u00fcssmost.&nbsp;Bevor Sie die erste Harasse mit \u00c4pfeln ablesen, nehmen Sie mit uns Kontakt auf und machen einen Annahme-Termin ab. So &#8230; <a title=\"Anlieferung\" class=\"read-more\" href=\"https:\/\/www.moschti.ch\/index.php\/anlieferung\/\" aria-label=\"Mehr Informationen \u00fcber Anlieferung\">Weiterlesen<\/a><\/p>\n","protected":false},"author":1,"featured_media":0,"parent":0,"menu_order":0,"comment_status":"closed","ping_status":"closed","template":"","meta":{"_uag_custom_page_level_css":"","pgc_sgb_lightbox_settings":"","_themeisle_gutenberg_block_has_review":false,"footnotes":""},"class_list":["post-38","page","type-page","status-publish"],"yoast_head":"<!-- This site is optimized with the Yoast SEO plugin v22.2 - https:\/\/yoast.com\/wordpress\/plugins\/seo\/ -->\n<title>Anlieferung - Moschti<\/title>\n<meta name=\"description\" content=\"Haben Sie zu viele \u00c4pfel? Bei uns k\u00f6nnen Sie diese Anliefern und zu S\u00fcssmost verarbeiten lassen.\" \/>\n<meta name=\"robots\" content=\"index, follow, max-snippet:-1, max-image-preview:large, max-video-preview:-1\" \/>\n<link rel=\"canonical\" href=\"https:\/\/www.moschti.ch\/index.php\/anlieferung\/\" \/>\n<meta property=\"og:locale\" content=\"de_DE\" \/>\n<meta property=\"og:type\" content=\"article\" \/>\n<meta property=\"og:title\" content=\"Anlieferung - Moschti\" \/>\n<meta property=\"og:description\" content=\"Haben Sie zu viele \u00c4pfel? Bei uns k\u00f6nnen Sie diese Anliefern und zu S\u00fcssmost verarbeiten lassen.\" \/>\n<meta property=\"og:url\" content=\"https:\/\/www.moschti.ch\/index.php\/anlieferung\/\" \/>\n<meta property=\"og:site_name\" content=\"Moschti\" \/>\n<meta property=\"article:modified_time\" content=\"2025-08-09T16:21:01+00:00\" \/>\n<meta property=\"og:image\" content=\"https:\/\/www.moschti.ch\/wp-content\/uploads\/2024\/04\/Anlieferung-kleiner-Mengen_-_-1024x683.jpg\" \/>\n<meta name=\"twitter:card\" content=\"summary_large_image\" \/>\n<meta name=\"twitter:label1\" content=\"Gesch\u00e4tzte Lesezeit\" \/>\n\t<meta name=\"twitter:data1\" content=\"3\u00a0Minuten\" \/>\n<script type=\"application\/ld+json\" class=\"yoast-schema-graph\">{\"@context\":\"https:\/\/schema.org\",\"@graph\":[{\"@type\":\"WebPage\",\"@id\":\"https:\/\/www.moschti.ch\/index.php\/anlieferung\/\",\"url\":\"https:\/\/www.moschti.ch\/index.php\/anlieferung\/\",\"name\":\"Anlieferung - Moschti\",\"isPartOf\":{\"@id\":\"https:\/\/www.moschti.ch\/#website\"},\"primaryImageOfPage\":{\"@id\":\"https:\/\/www.moschti.ch\/index.php\/anlieferung\/#primaryimage\"},\"image\":{\"@id\":\"https:\/\/www.moschti.ch\/index.php\/anlieferung\/#primaryimage\"},\"thumbnailUrl\":\"https:\/\/www.moschti.ch\/wp-content\/uploads\/2024\/04\/Anlieferung-kleiner-Mengen_-_-1024x683.jpg\",\"datePublished\":\"2024-03-11T13:38:25+00:00\",\"dateModified\":\"2025-08-09T16:21:01+00:00\",\"description\":\"Haben Sie zu viele \u00c4pfel? Bei uns k\u00f6nnen Sie diese Anliefern und zu S\u00fcssmost verarbeiten lassen.\",\"inLanguage\":\"de\",\"potentialAction\":[{\"@type\":\"ReadAction\",\"target\":[\"https:\/\/www.moschti.ch\/index.php\/anlieferung\/\"]}]},{\"@type\":\"ImageObject\",\"inLanguage\":\"de\",\"@id\":\"https:\/\/www.moschti.ch\/index.php\/anlieferung\/#primaryimage\",\"url\":\"https:\/\/www.moschti.ch\/wp-content\/uploads\/2024\/04\/Anlieferung-kleiner-Mengen_-_.jpg\",\"contentUrl\":\"https:\/\/www.moschti.ch\/wp-content\/uploads\/2024\/04\/Anlieferung-kleiner-Mengen_-_.jpg\",\"width\":1620,\"height\":1080},{\"@type\":\"WebSite\",\"@id\":\"https:\/\/www.moschti.ch\/#website\",\"url\":\"https:\/\/www.moschti.ch\/\",\"name\":\"Moschti\",\"description\":\"\",\"publisher\":{\"@id\":\"https:\/\/www.moschti.ch\/#organization\"},\"potentialAction\":[{\"@type\":\"SearchAction\",\"target\":{\"@type\":\"EntryPoint\",\"urlTemplate\":\"https:\/\/www.moschti.ch\/?s={search_term_string}\"},\"query-input\":\"required name=search_term_string\"}],\"inLanguage\":\"de\"},{\"@type\":\"Organization\",\"@id\":\"https:\/\/www.moschti.ch\/#organization\",\"name\":\"Moschti\",\"url\":\"https:\/\/www.moschti.ch\/\",\"logo\":{\"@type\":\"ImageObject\",\"inLanguage\":\"de\",\"@id\":\"https:\/\/www.moschti.ch\/#\/schema\/logo\/image\/\",\"url\":\"https:\/\/www.moschti.ch\/wp-content\/uploads\/2024\/03\/banner.jpg\",\"contentUrl\":\"https:\/\/www.moschti.ch\/wp-content\/uploads\/2024\/03\/banner.jpg\",\"width\":1000,\"height\":140,\"caption\":\"Moschti\"},\"image\":{\"@id\":\"https:\/\/www.moschti.ch\/#\/schema\/logo\/image\/\"}}]}<\/script>\n<!-- \/ Yoast SEO plugin. -->","yoast_head_json":{"title":"Anlieferung - Moschti","description":"Haben Sie zu viele \u00c4pfel? Bei uns k\u00f6nnen Sie diese Anliefern und zu S\u00fcssmost verarbeiten lassen.","robots":{"index":"index","follow":"follow","max-snippet":"max-snippet:-1","max-image-preview":"max-image-preview:large","max-video-preview":"max-video-preview:-1"},"canonical":"https:\/\/www.moschti.ch\/index.php\/anlieferung\/","og_locale":"de_DE","og_type":"article","og_title":"Anlieferung - Moschti","og_description":"Haben Sie zu viele \u00c4pfel? Bei uns k\u00f6nnen Sie diese Anliefern und zu S\u00fcssmost verarbeiten lassen.","og_url":"https:\/\/www.moschti.ch\/index.php\/anlieferung\/","og_site_name":"Moschti","article_modified_time":"2025-08-09T16:21:01+00:00","og_image":[{"url":"https:\/\/www.moschti.ch\/wp-content\/uploads\/2024\/04\/Anlieferung-kleiner-Mengen_-_-1024x683.jpg"}],"twitter_card":"summary_large_image","twitter_misc":{"Gesch\u00e4tzte Lesezeit":"3\u00a0Minuten"},"schema":{"@context":"https:\/\/schema.org","@graph":[{"@type":"WebPage","@id":"https:\/\/www.moschti.ch\/index.php\/anlieferung\/","url":"https:\/\/www.moschti.ch\/index.php\/anlieferung\/","name":"Anlieferung - Moschti","isPartOf":{"@id":"https:\/\/www.moschti.ch\/#website"},"primaryImageOfPage":{"@id":"https:\/\/www.moschti.ch\/index.php\/anlieferung\/#primaryimage"},"image":{"@id":"https:\/\/www.moschti.ch\/index.php\/anlieferung\/#primaryimage"},"thumbnailUrl":"https:\/\/www.moschti.ch\/wp-content\/uploads\/2024\/04\/Anlieferung-kleiner-Mengen_-_-1024x683.jpg","datePublished":"2024-03-11T13:38:25+00:00","dateModified":"2025-08-09T16:21:01+00:00","description":"Haben Sie zu viele \u00c4pfel? Bei uns k\u00f6nnen Sie diese Anliefern und zu S\u00fcssmost verarbeiten lassen.","inLanguage":"de","potentialAction":[{"@type":"ReadAction","target":["https:\/\/www.moschti.ch\/index.php\/anlieferung\/"]}]},{"@type":"ImageObject","inLanguage":"de","@id":"https:\/\/www.moschti.ch\/index.php\/anlieferung\/#primaryimage","url":"https:\/\/www.moschti.ch\/wp-content\/uploads\/2024\/04\/Anlieferung-kleiner-Mengen_-_.jpg","contentUrl":"https:\/\/www.moschti.ch\/wp-content\/uploads\/2024\/04\/Anlieferung-kleiner-Mengen_-_.jpg","width":1620,"height":1080},{"@type":"WebSite","@id":"https:\/\/www.moschti.ch\/#website","url":"https:\/\/www.moschti.ch\/","name":"Moschti","description":"","publisher":{"@id":"https:\/\/www.moschti.ch\/#organization"},"potentialAction":[{"@type":"SearchAction","target":{"@type":"EntryPoint","urlTemplate":"https:\/\/www.moschti.ch\/?s={search_term_string}"},"query-input":"required name=search_term_string"}],"inLanguage":"de"},{"@type":"Organization","@id":"https:\/\/www.moschti.ch\/#organization","name":"Moschti","url":"https:\/\/www.moschti.ch\/","logo":{"@type":"ImageObject","inLanguage":"de","@id":"https:\/\/www.moschti.ch\/#\/schema\/logo\/image\/","url":"https:\/\/www.moschti.ch\/wp-content\/uploads\/2024\/03\/banner.jpg","contentUrl":"https:\/\/www.moschti.ch\/wp-content\/uploads\/2024\/03\/banner.jpg","width":1000,"height":140,"caption":"Moschti"},"image":{"@id":"https:\/\/www.moschti.ch\/#\/schema\/logo\/image\/"}}]}},"uagb_featured_image_src":{"full":false,"thumbnail":false,"medium":false,"medium_large":false,"large":false,"1536x1536":false,"2048x2048":false},"uagb_author_info":{"display_name":"admin","author_link":"https:\/\/www.moschti.ch\/index.php\/author\/sysadmin\/"},"uagb_comment_info":0,"uagb_excerpt":"Sobald die ersten Apfelsorten genussreif sind, beginnen wir mit&nbsp;mosten. Der Zeitpunkt&nbsp;ist jedes Jahr etwas verschieden. Reif ist eine Apfelsorte dann, wenn Sie zum Essen ein Genuss ist. Vorher herunterfallende&nbsp;\u00c4pfel sind unreif und geben keinen guten S\u00fcssmost.&nbsp;Bevor Sie die erste Harasse mit \u00c4pfeln ablesen, nehmen Sie mit uns Kontakt auf und machen einen Annahme-Termin ab. So&hellip;","_links":{"self":[{"href":"https:\/\/www.moschti.ch\/index.php\/wp-json\/wp\/v2\/pages\/38","targetHints":{"allow":["GET"]}}],"collection":[{"href":"https:\/\/www.moschti.ch\/index.php\/wp-json\/wp\/v2\/pages"}],"about":[{"href":"https:\/\/www.moschti.ch\/index.php\/wp-json\/wp\/v2\/types\/page"}],"author":[{"embeddable":true,"href":"https:\/\/www.moschti.ch\/index.php\/wp-json\/wp\/v2\/users\/1"}],"replies":[{"embeddable":true,"href":"https:\/\/www.moschti.ch\/index.php\/wp-json\/wp\/v2\/comments?post=38"}],"version-history":[{"count":22,"href":"https:\/\/www.moschti.ch\/index.php\/wp-json\/wp\/v2\/pages\/38\/revisions"}],"predecessor-version":[{"id":1293,"href":"https:\/\/www.moschti.ch\/index.php\/wp-json\/wp\/v2\/pages\/38\/revisions\/1293"}],"wp:attachment":[{"href":"https:\/\/www.moschti.ch\/index.php\/wp-json\/wp\/v2\/media?parent=38"}],"curies":[{"name":"wp","href":"https:\/\/api.w.org\/{rel}","templated":true}]}}