{"id":174,"date":"2024-03-18T08:39:34","date_gmt":"2024-03-18T08:39:34","guid":{"rendered":"https:\/\/www.moschti.ch\/?page_id=174"},"modified":"2024-03-18T09:04:06","modified_gmt":"2024-03-18T09:04:06","slug":"impressum","status":"publish","type":"page","link":"https:\/\/www.moschti.ch\/index.php\/impressum\/","title":{"rendered":"Impressum"},"content":{"rendered":"\n<p><strong>Kontaktadresse<\/strong><\/p>\n\n\n\n<p>Moschti<br>Beatrice und Walter Gloor<br>Hauptstrasse 7<br>4554 H\u00fcniken<br>032 614 26 88<\/p>\n\n\n\n<p>Email: [mailto]inf&#111;&#64;&#109;&#111;&#x73;&#x63;&#x68;&#x74;&#x69;&#x2e;&#x63;h[\/mailto]<\/p>\n\n\n\n<p><strong>Gesch\u00e4ftsleitung<\/strong><\/p>\n\n\n\n<p>Beatrice und Walter Gloor Inhaber<br>Telefon: 032 614 26 88<\/p>\n\n\n\n<p><strong>Haftungsausschluss<\/strong><\/p>\n\n\n\n<p>Die Moschti \u00fcbernimmt keinerlei Gew\u00e4hr f\u00fcr die Aktualit\u00e4t, Korrektheit, Vollst\u00e4ndigkeit oder Qualit\u00e4t der bereitgestellten Informationen. Haftungsanspr\u00fcche gegen die Moschti, welche sich auf Sch\u00e4den materieller oder ideeller Art beziehen, die durch die Nutzung oder Nichtnutzung der dargebotenen Informationen bzw. durch die Nutzung fehlerhafter und unvollst\u00e4ndiger Informationen verursacht wurden, sind grunds\u00e4tzlich ausgeschlossen, sofern seitens der Moschti kein nachweislich vors\u00e4tzliches oder grob fahrl\u00e4ssiges Verschulden vorliegt.<\/p>\n\n\n\n<p>Alle Angebote sind freibleibend und unverbindlich. Die Moschti beh\u00e4lt es sich ausdr\u00fccklich vor, Teile der Seiten oder das gesamte Angebot ohne gesonderte Ank\u00fcndigung zu ver\u00e4ndern, zu erg\u00e4nzen, zu l\u00f6schen oder die Ver\u00f6ffentlichung zeitweise oder endg\u00fcltig einzustellen.<br><br>H<strong>aftung f\u00fcr Links<\/strong><\/p>\n\n\n\n<p>Verweise und Links auf Webseiten Dritter liegen ausserhalb unseres Verantwortungsbereichs. Es wird jegliche Verantwortung f\u00fcr solche Webseiten abgelehnt. Zugriff und Nutzung solcher Webseiten erfolgen auf eigene Gefahr des Nutzers oder der Nutzerin.<br><br><strong>Urheber- und Kennzeichenrecht<\/strong><\/p>\n\n\n\n<p>Die Moschti ist bestrebt, in allen Publikationen die Urheberrechte der verwendeten Bilder, Grafiken, Tondokumente, Videosequenzen und Texte zu beachten, von ihr selbst erstellte Bilder, Grafiken, Tondokumente, Videosequenzen und Texte zu nutzen oder auf lizenzfreie Grafiken, Tondokumente, Videosequenzen und Texte zur\u00fcckzugreifen.<\/p>\n\n\n\n<p>Alle innerhalb des Internetangebotes genannten und gegebenenfalls durch Dritte gesch\u00fctzten Marken- und Warenzeichen unterliegen uneingeschr\u00e4nkt den Bestimmungen des jeweils g\u00fcltigen Kennzeichenrechts und den Besitzrechten der jeweiligen eingetragenen Eigent\u00fcmer. Allein aufgrund der blossen Nennung ist nicht der Schluss zu ziehen, dass Markenzeichen nicht durch Rechte Dritter gesch\u00fctzt sind.<\/p>\n\n\n\n<p>Das Copyright f\u00fcr ver\u00f6ffentlichte, von der Moschti selbst erstellte Objekte bleibt allein bei Moschti. Eine Vervielf\u00e4ltigung oder Verwendung solcher Grafiken, Tondokumente, Videosequenzen und Texte in anderen elektronischen oder gedruckten Publikationen ist ohne ausdr\u00fcckliche Zustimmung der Moschti nicht gestattet.<\/p>\n","protected":false},"excerpt":{"rendered":"<p>Kontaktadresse MoschtiBeatrice und Walter GloorHauptstrasse 74554 H\u00fcniken032 614 26 88 Email: [mailto]&#105;&#x6e;&#x66;o&#64;&#x6d;o&#115;&#x63;&#x68;t&#105;&#x2e;c&#104;[\/mailto] Gesch\u00e4ftsleitung Beatrice und Walter Gloor InhaberTelefon: 032 614 26 88 Haftungsausschluss Die Moschti \u00fcbernimmt keinerlei Gew\u00e4hr f\u00fcr die Aktualit\u00e4t, Korrektheit, Vollst\u00e4ndigkeit oder Qualit\u00e4t der bereitgestellten Informationen. Haftungsanspr\u00fcche gegen die Moschti, welche sich auf Sch\u00e4den materieller oder ideeller Art beziehen, die durch die Nutzung &#8230; <a title=\"Impressum\" class=\"read-more\" href=\"https:\/\/www.moschti.ch\/index.php\/impressum\/\" aria-label=\"Mehr Informationen \u00fcber Impressum\">Weiterlesen<\/a><\/p>\n","protected":false},"author":1,"featured_media":0,"parent":0,"menu_order":0,"comment_status":"closed","ping_status":"closed","template":"","meta":{"_uag_custom_page_level_css":"","pgc_sgb_lightbox_settings":"","_themeisle_gutenberg_block_has_review":false,"footnotes":""},"class_list":["post-174","page","type-page","status-publish"],"yoast_head":"<!-- This site is optimized with the Yoast SEO plugin v22.2 - https:\/\/yoast.com\/wordpress\/plugins\/seo\/ -->\n<title>Impressum - Moschti<\/title>\n<meta name=\"robots\" content=\"index, follow, max-snippet:-1, max-image-preview:large, max-video-preview:-1\" \/>\n<link rel=\"canonical\" href=\"https:\/\/www.moschti.ch\/index.php\/impressum\/\" \/>\n<meta property=\"og:locale\" content=\"de_DE\" \/>\n<meta property=\"og:type\" content=\"article\" \/>\n<meta property=\"og:title\" content=\"Impressum - Moschti\" \/>\n<meta property=\"og:description\" content=\"Kontaktadresse MoschtiBeatrice und Walter GloorHauptstrasse 74554 H\u00fcniken032 614 26 88 Email: [mailto]&#105;n&#x66;o&#x40;m&#x6f;s&#x63;h&#x74;i&#x2e;&#099;&#x68;[\/mailto] Gesch\u00e4ftsleitung Beatrice und Walter Gloor InhaberTelefon: 032 614 26 88 Haftungsausschluss Die Moschti \u00fcbernimmt keinerlei Gew\u00e4hr f\u00fcr die Aktualit\u00e4t, Korrektheit, Vollst\u00e4ndigkeit oder Qualit\u00e4t der bereitgestellten Informationen. Haftungsanspr\u00fcche gegen die Moschti, welche sich auf Sch\u00e4den materieller oder ideeller Art beziehen, die durch die Nutzung ... Weiterlesen\" \/>\n<meta property=\"og:url\" content=\"https:\/\/www.moschti.ch\/index.php\/impressum\/\" \/>\n<meta property=\"og:site_name\" content=\"Moschti\" \/>\n<meta property=\"article:modified_time\" content=\"2024-03-18T09:04:06+00:00\" \/>\n<meta name=\"twitter:card\" content=\"summary_large_image\" \/>\n<meta name=\"twitter:label1\" content=\"Gesch\u00e4tzte Lesezeit\" \/>\n\t<meta name=\"twitter:data1\" content=\"2\u00a0Minuten\" \/>\n<script type=\"application\/ld+json\" class=\"yoast-schema-graph\">{\"@context\":\"https:\/\/schema.org\",\"@graph\":[{\"@type\":\"WebPage\",\"@id\":\"https:\/\/www.moschti.ch\/index.php\/impressum\/\",\"url\":\"https:\/\/www.moschti.ch\/index.php\/impressum\/\",\"name\":\"Impressum - Moschti\",\"isPartOf\":{\"@id\":\"https:\/\/www.moschti.ch\/#website\"},\"datePublished\":\"2024-03-18T08:39:34+00:00\",\"dateModified\":\"2024-03-18T09:04:06+00:00\",\"inLanguage\":\"de\",\"potentialAction\":[{\"@type\":\"ReadAction\",\"target\":[\"https:\/\/www.moschti.ch\/index.php\/impressum\/\"]}]},{\"@type\":\"WebSite\",\"@id\":\"https:\/\/www.moschti.ch\/#website\",\"url\":\"https:\/\/www.moschti.ch\/\",\"name\":\"Moschti\",\"description\":\"\",\"publisher\":{\"@id\":\"https:\/\/www.moschti.ch\/#organization\"},\"potentialAction\":[{\"@type\":\"SearchAction\",\"target\":{\"@type\":\"EntryPoint\",\"urlTemplate\":\"https:\/\/www.moschti.ch\/?s={search_term_string}\"},\"query-input\":\"required name=search_term_string\"}],\"inLanguage\":\"de\"},{\"@type\":\"Organization\",\"@id\":\"https:\/\/www.moschti.ch\/#organization\",\"name\":\"Moschti\",\"url\":\"https:\/\/www.moschti.ch\/\",\"logo\":{\"@type\":\"ImageObject\",\"inLanguage\":\"de\",\"@id\":\"https:\/\/www.moschti.ch\/#\/schema\/logo\/image\/\",\"url\":\"https:\/\/www.moschti.ch\/wp-content\/uploads\/2024\/03\/banner.jpg\",\"contentUrl\":\"https:\/\/www.moschti.ch\/wp-content\/uploads\/2024\/03\/banner.jpg\",\"width\":1000,\"height\":140,\"caption\":\"Moschti\"},\"image\":{\"@id\":\"https:\/\/www.moschti.ch\/#\/schema\/logo\/image\/\"}}]}<\/script>\n<!-- \/ Yoast SEO plugin. -->","yoast_head_json":{"title":"Impressum - Moschti","robots":{"index":"index","follow":"follow","max-snippet":"max-snippet:-1","max-image-preview":"max-image-preview:large","max-video-preview":"max-video-preview:-1"},"canonical":"https:\/\/www.moschti.ch\/index.php\/impressum\/","og_locale":"de_DE","og_type":"article","og_title":"Impressum - Moschti","og_description":"Kontaktadresse MoschtiBeatrice und Walter GloorHauptstrasse 74554 H\u00fcniken032 614 26 88 Email: [mailto]&#105;n&#x66;o&#x40;m&#x6f;s&#x63;h&#x74;i&#x2e;&#99;&#x68;[\/mailto] Gesch\u00e4ftsleitung Beatrice und Walter Gloor InhaberTelefon: 032 614 26 88 Haftungsausschluss Die Moschti \u00fcbernimmt keinerlei Gew\u00e4hr f\u00fcr die Aktualit\u00e4t, Korrektheit, Vollst\u00e4ndigkeit oder Qualit\u00e4t der bereitgestellten Informationen. Haftungsanspr\u00fcche gegen die Moschti, welche sich auf Sch\u00e4den materieller oder ideeller Art beziehen, die durch die Nutzung ... Weiterlesen","og_url":"https:\/\/www.moschti.ch\/index.php\/impressum\/","og_site_name":"Moschti","article_modified_time":"2024-03-18T09:04:06+00:00","twitter_card":"summary_large_image","twitter_misc":{"Gesch\u00e4tzte Lesezeit":"2\u00a0Minuten"},"schema":{"@context":"https:\/\/schema.org","@graph":[{"@type":"WebPage","@id":"https:\/\/www.moschti.ch\/index.php\/impressum\/","url":"https:\/\/www.moschti.ch\/index.php\/impressum\/","name":"Impressum - Moschti","isPartOf":{"@id":"https:\/\/www.moschti.ch\/#website"},"datePublished":"2024-03-18T08:39:34+00:00","dateModified":"2024-03-18T09:04:06+00:00","inLanguage":"de","potentialAction":[{"@type":"ReadAction","target":["https:\/\/www.moschti.ch\/index.php\/impressum\/"]}]},{"@type":"WebSite","@id":"https:\/\/www.moschti.ch\/#website","url":"https:\/\/www.moschti.ch\/","name":"Moschti","description":"","publisher":{"@id":"https:\/\/www.moschti.ch\/#organization"},"potentialAction":[{"@type":"SearchAction","target":{"@type":"EntryPoint","urlTemplate":"https:\/\/www.moschti.ch\/?s={search_term_string}"},"query-input":"required name=search_term_string"}],"inLanguage":"de"},{"@type":"Organization","@id":"https:\/\/www.moschti.ch\/#organization","name":"Moschti","url":"https:\/\/www.moschti.ch\/","logo":{"@type":"ImageObject","inLanguage":"de","@id":"https:\/\/www.moschti.ch\/#\/schema\/logo\/image\/","url":"https:\/\/www.moschti.ch\/wp-content\/uploads\/2024\/03\/banner.jpg","contentUrl":"https:\/\/www.moschti.ch\/wp-content\/uploads\/2024\/03\/banner.jpg","width":1000,"height":140,"caption":"Moschti"},"image":{"@id":"https:\/\/www.moschti.ch\/#\/schema\/logo\/image\/"}}]}},"uagb_featured_image_src":{"full":false,"thumbnail":false,"medium":false,"medium_large":false,"large":false,"1536x1536":false,"2048x2048":false},"uagb_author_info":{"display_name":"admin","author_link":"https:\/\/www.moschti.ch\/index.php\/author\/sysadmin\/"},"uagb_comment_info":0,"uagb_excerpt":"Kontaktadresse MoschtiBeatrice und Walter GloorHauptstrasse 74554 H\u00fcniken032 614 26 88 Email: [mailto]&#x69;&#110;&#x66;&#x6f;&#64;&#x6d;&#x6f;&#115;&#x63;&#x68;&#116;&#x69;&#x2e;c&#x68;[\/mailto] Gesch\u00e4ftsleitung Beatrice und Walter Gloor InhaberTelefon: 032 614 26 88 Haftungsausschluss Die Moschti \u00fcbernimmt keinerlei Gew\u00e4hr f\u00fcr die Aktualit\u00e4t, Korrektheit, Vollst\u00e4ndigkeit oder Qualit\u00e4t der bereitgestellten Informationen. Haftungsanspr\u00fcche gegen die Moschti, welche sich auf Sch\u00e4den materieller oder ideeller Art beziehen, die durch die Nutzung&hellip;","_links":{"self":[{"href":"https:\/\/www.moschti.ch\/index.php\/wp-json\/wp\/v2\/pages\/174","targetHints":{"allow":["GET"]}}],"collection":[{"href":"https:\/\/www.moschti.ch\/index.php\/wp-json\/wp\/v2\/pages"}],"about":[{"href":"https:\/\/www.moschti.ch\/index.php\/wp-json\/wp\/v2\/types\/page"}],"author":[{"embeddable":true,"href":"https:\/\/www.moschti.ch\/index.php\/wp-json\/wp\/v2\/users\/1"}],"replies":[{"embeddable":true,"href":"https:\/\/www.moschti.ch\/index.php\/wp-json\/wp\/v2\/comments?post=174"}],"version-history":[{"count":2,"href":"https:\/\/www.moschti.ch\/index.php\/wp-json\/wp\/v2\/pages\/174\/revisions"}],"predecessor-version":[{"id":183,"href":"https:\/\/www.moschti.ch\/index.php\/wp-json\/wp\/v2\/pages\/174\/revisions\/183"}],"wp:attachment":[{"href":"https:\/\/www.moschti.ch\/index.php\/wp-json\/wp\/v2\/media?parent=174"}],"curies":[{"name":"wp","href":"https:\/\/api.w.org\/{rel}","templated":true}]}}